
Suppose 0 = 4*w + 33*w - 94757. What are the prime factors of w?
13, 197
Suppose -3*g + 585 = 3*u, 2*g - 225 + 603 = 2*u. What are the prime factors of u?
2, 3
Let a be 76 + 16/6*(-3)/2. Suppose 5*x - a = -2*g + 4*g, 3*x = 4*g + 32. List the prime factors of x.
2
Let w be (-201)/(-15) - (-6)/(-15). Suppose -11*f - 232 = -w*f. List the prime factors of f.
2, 29
Let c be (0 - (0 - 1))/((-13)/(-65)). Let s be 3*(-1 - 5/(-3)). Suppose -s*k = c*r - 8, -4*k = -k - r - 12. What are the prime factors of k?
2
What are the prime factors of ((-2)/4)/((-10)/(-10))*-628?
2, 157
Suppose 3*v = -3*m + 1632 + 795, -m + 2*v + 794 = 0. What are the prime factors of m/(-18)*3/(-2)?
67
Let c = 12 - -11. Let l = c - 9. List the prime factors of l.
2, 7
What are the prime factors of -5*2/(-5) - -331*2?
2, 83
Suppose -5*r = 3*b - 17 - 17, -2*b + 5*r = 19. Suppose 3*w - 213 = -b*z, 3*z - 361 = -2*z - 3*w. List the prime factors of z.
2, 37
List the prime factors of (-7)/42*8 + 3756/9.
2, 13
Suppose -z + 2 = -2*l + 1, 5*z + 5*l = 65. Suppose 2*q + 25 - z = 0. What are the prime factors of -1*q/(-4) - -18?
2
Suppose 7*b = b - 18. Let g be (-4 - (-4 + b)) + 33. What are the prime factors of (-2)/(-9) + 244/g?
7
Let q(i) = i**3 + 4*i**2 + 2*i + 1. Let v be q(-3). Suppose 0 = 5*d - 39 + v. What are the prime factors of ((-18)/(-21))/(d/245)?
2, 3, 5
Let p(z) = 118*z + 3537. What are the prime factors of p(0)?
3, 131
Let k(s) = -s**2 - 8*s. Let p be k(-7). Suppose -p - 203 = -7*b. What are the prime factors of b?
2, 3, 5
Let j(o) = 9*o - 40. Let r(h) = -9*h + 74. Let n be r(5). List the prime factors of j(n).
13, 17
Let x = -21 - -23. List the prime factors of 4*x/12*66/2.
2, 11
Let i = 10 + -5. Suppose -i*v + 216 = 16. What are the prime factors of (v/15)/((-2)/(-3))?
2
Suppose -4290 = -2*w - 4*w. Suppose 250 = 5*t + 3*j - 465, -5*t - 5*j = -w. What are the prime factors of t?
11, 13
Let a = 698 - -1475. List the prime factors of a.
41, 53
Let w(s) = -3*s + 1. Suppose z + 31 = 5*h, 0 = 2*z - 0*z + 4*h + 6. List the prime factors of w(z).
2, 17
Let g(m) = -3*m**3 + 73*m**2 - 5*m + 3. What are the prime factors of g(24)?
3, 17
Suppose 0 = 82*j - 76*j - 10914. What are the prime factors of j?
17, 107
Let w = -111 - 13. Let l = -101 - w. List the prime factors of l.
23
Suppose -15*u + 58726 = -5054. List the prime factors of u.
2, 1063
Let t = 3035 - 1721. List the prime factors of t.
2, 3, 73
Let g(y) = -8*y**3 - 2*y**2 - 3*y. What are the prime factors of g(-4)?
2, 3, 41
Let k(p) = 15 + 0*p**2 - 4 - 6*p - p**2. List the prime factors of k(-6).
11
Suppose 5*z + 1 = 11. Suppose -z*x + 214 = -46. Suppose q + 4*q = x. List the prime factors of q.
2, 13
Suppose 5*y - 3 - 2 = 0. Suppose -10 = -3*i - y. Suppose w - i*j = 21, -48 = -5*w - 3*j - j. What are the prime factors of w?
2, 3
Let l(n) = 10*n - 1. Let o(a) = -15*a + 33. Let m(c) = c - 2. Let w(x) = -33*m(x) - 2*o(x). Let h(v) = -2*l(v) - 7*w(v). List the prime factors of h(4).
2, 3
Let g be -1*(11 - 4) - -1. Let i = 75 + g. What are the prime factors of i?
3, 23
Suppose -s = y - 229, 0 = 5*y - 3*s - 529 - 608. What are the prime factors of y?
2, 3, 19
Suppose -2*v = k + 16, 13 = -4*k - 3. List the prime factors of 2189/44 + v/8.
7
Let h = 71 + -65. Let g(b) be the second derivative of b**3/6 + 2*b**2 + 2*b. What are the prime factors of g(h)?
2, 5
Suppose -5*i + 56 - 11 = 0. Let h = -1 - i. List the prime factors of 23/5 + (-4)/h.
5
Let v(g) = 6*g**3 - 4*g**2 - 11*g - 6. List the prime factors of v(6).
2, 3, 5
Suppose 5*p = 6*p + 4*n - 1277, 2*p = n + 2572. What are the prime factors of p?
5, 257
Let h be 2/(-2) + (-3 - 18)/(-7). Suppose -4*w + 149 - 41 = -2*g, w - h*g = 21. What are the prime factors of w?
29
Let b(n) = -3 + 0 + 45*n + 3*n. What are the prime factors of b(3)?
3, 47
Suppose 4*f = 9*f. Let m be 4/(-8)*(f + -16). List the prime factors of (-372)/m*2/(-3).
31
List the prime factors of (-7239)/(-15) - (-2)/5 - 3.
2, 3, 5
Suppose -7*k + 19 = 5. Suppose 3*s = -f + 93, -k*s + 57 = f - 5. List the prime factors of s.
31
Suppose 0 = m + 5*o - 214, -2*m - 4*o = m - 620. Let b = m + -106. What are the prime factors of b?
2, 7
Let g(x) = -44*x**3 - 5*x**2 + 5*x. What are the prime factors of g(-3)?
2, 3, 47
What are the prime factors of 11504/(-24)*(-2 + (-6)/(-12))?
719
Suppose 9*o - 4*o = 0. Suppose o = -6*v - 215 + 647. What are the prime factors of v?
2, 3
Let v = 20 - 22. Let o(p) = -21*p - 5. List the prime factors of o(v).
37
What are the prime factors of 8*(0 + 213)*28/21?
2, 71
Let t(h) = -20*h - 9. Let n(o) = -21*o - 10. Let d(u) = -3*n(u) + 4*t(u). What are the prime factors of d(-9)?
3, 7
Let m(w) = 147*w + 177. What are the prime factors of m(6)?
3, 353
Let j = 101 - -784. What are the prime factors of j?
3, 5, 59
Suppose -5*p = -4*h + 1587 + 43, 3*p - 1614 = -4*h. What are the prime factors of h?
3, 5
Let i(r) = -r**2 + 10*r + 17. Suppose -p - 11 + 19 = 0. List the prime factors of i(p).
3, 11
Suppose 3*t - 234 = 2*u + 2*u, 5*t = -3*u - 190. Let c = 13 - u. List the prime factors of c.
73
Let d = 1 - -1. Let h be 74 + (1 - (d - -3)). Suppose 5*g - 180 = -h. List the prime factors of g.
2, 11
Suppose 251*a - 244*a = -35. Let j(w) be the second derivative of -w**4/12 - w**3 + 7*w**2/2 - w. List the prime factors of j(a).
2, 3
Let u be (-30)/20 + (-90)/4. Let o = u - -28. Suppose 22 = o*y + 2. List the prime factors of y.
5
Suppose 0*b + 4*b = -200. Let o be 3 + 0 - b/(-2). Let l = o + 67. What are the prime factors of l?
3, 5
Let l(i) = i - 16. Let u be l(19). Suppose -5*o + 58 = u. What are the prime factors of o?
11
Let r(a) = 39*a - 24. What are the prime factors of r(16)?
2, 3, 5
Let u(b) = -2*b**3 - 6*b**2 - 4*b + 11. What are the prime factors of u(-6)?
251
Suppose 4*x = 2*o - 22, 5*x = -6*o + o - 5. Let a be (-156)/(-9) + o/(-9). Let f = -9 + a. What are the prime factors of f?
2
Suppose -2520 = -18*y + 4842. What are the prime factors of y?
409
Let d be -2 + 3 + -8 - -2. Let t be 0 - d/(2 - 7). What are the prime factors of 1/(t - 96/(-93))?
31
Let a = 57 + -43. What are the prime factors of 3207/21 + 4/a?
3, 17
Let m(g) = -g. Let w(z) be the third derivative of -7*z**4/24 - 8*z**3/3 - 4*z**2. Let n(f) = -5*m(f) + w(f). List the prime factors of n(-16).
2
Let d(j) = 37*j**2 + 2*j - 4. What are the prime factors of d(4)?
2, 149
Let d = 189 + 79. What are the prime factors of d?
2, 67
Suppose -5*s + 6*s = 582. List the prime factors of s.
2, 3, 97
Suppose 0*b = -2*b + 250. Suppose -i - b = -2*i. What are the prime factors of i?
5
Let n = -368 + 1197. What are the prime factors of n?
829
Suppose -1886 = 3*p + 5*s - 5502, 25 = 5*s. List the prime factors of p.
3, 7, 19
Suppose 0 = 4*w - 2*t, 3*w - 5*t = -w + 6. Let l be (w - 0) + 0 + -152. Let b = l - -222. What are the prime factors of b?
3, 23
Let t = 35 - 189. Let b = t - -230. What are the prime factors of b?
2, 19
Let s = -19 - -7. Let g(n) = -n**2 - 25*n - 17. List the prime factors of g(s).
139
Suppose -4*g + 4*c = 0, g - 4*c = -c. List the prime factors of -1 + -3 - -87 - g.
83
Suppose -7938 = 147*h - 168*h. What are the prime factors of h?
2, 3, 7
Suppose -5*m = 3*m + 7*m. Suppose -j - 15 = -5*q, 6*q = 2*j + 4*q - 2. Suppose 2*h + 120 = 5*h - 4*k, j*h + k - 177 = m. List the prime factors of h.
2, 3
Suppose -3*c + 2530 = -2*y + 818, -5 = 5*y. List the prime factors of c.
2, 3, 5, 19
Let m = 30 - 16. Let w be (-6)/(-4) + m/(-28). Suppose -8 + w = -y. List the prime factors of y.
7
Suppose -16*r + 185 = -1015. Let o = -32 - -72. Let x = r - o. What are the prime factors of x?
5, 7
Let q(n) = 2*n**2 - 7*n - 49. What are the prime factors of q(-11)?
2, 3, 5
What are the prime factors of 32/(-48)*15/2 - -1124?
3, 373
What are the prime factors of (-300)/375 - 19338/(-10)?
1933
Suppose 83*d + 7504 = 90*d. List the prime factors of d.
2, 67
Let h = 6 - 12. Let s be h/12 - 58/(-4). Suppose -s = 3*y - 4*y. List the prime factors of y.
2, 7
Suppose 5*t + 473 = -3*m + 2273, -t + 3 = 0. List the prime factors of m.
5, 7, 17
Let l = 412 - -92. List the prime factors of l.
2, 3, 7
Let z = 42 + -38. Suppose z*f + 107 + 105 = 0. Let h = f - -93. List the prime factors of h.
2, 5
Let o(y) = -y**2 + 9*y - 10. Let f be (-6)/(-15) + 165/25. Let c be o(f). Sup